5*u**3 - 34*u**2 + 46*u - 99. Is v(-16) prime?
False
Let f(w) = -w**2 - 11*w - 14. Let u be f(-9). Let y(h) = 56*h**2 + 4*h - 5. Is y(u) a prime number?
True
Suppose -5*j = -3*u + 3072, 4*u + 1022 = 5*u - j. Let w = u + -582. Is w a composite number?
True
Suppose -2*y - 3*w = 2*y - 24, 2*w = 0. Is (-7 - (-23)/3)*83313/y a composite number?
False
Suppose -7*d = -2102563 + 228184 - 42032. Is d a prime number?
True
Let t(w) = w**3 - 2*w**2 - 33*w - 27. Let z be t(-22). Is z/(-6)*1/(3/6) a prime number?
False
Suppose -f = -6*i - 25107 - 41206, 0 = -2*f - i + 132678. Is f prime?
True
Let h = 8267 - 15922. Let s = h - -13776. Is s composite?
False
Let j(f) = f**3 - f**2 - 3*f - 32. Let q be j(0). Let i be 2*(-2 + -3)*q/80. Is i*(6385/(-15))/((-4)/9) a prime number?
False
Is (-99)/77 + 1 - 218847/(-21) prime?
False
Let c be (-9589)/(-7) - ((-140)/(-49) + -3). Let h = c - 555. Is h a prime number?
False
Suppose 10*a + 3517 + 2363 = 0. Let i = 1207 + a. Is i prime?
True
Suppose 0 = 104*s + 372844 - 420833 - 3782019. Is s a composite number?
True
Let h(k) = 35*k**2 + 6*k - 7. Let s = 60 - 53. Let i be h(s). Suppose -2*r + 6*t + i = 2*t, 0 = 2*r + t - 1755. Is r a composite number?
False
Let r be 82/((-33)/18 - -2). Let n = -113 + r. Is n a prime number?
True
Suppose -a + 1684238 = 3*c, -87*a - 2*c - 6736882 = -91*a. Is a a prime number?
True
Let f = -5953 + 10295. Let d(u) = 20*u + 420. Let j be d(-21). Suppose 0 = t + 3*t + 2*m - f, j = t - m - 1090. Is t a composite number?
False
Suppose -11*l + 126 = -9*l. Let g = l + -50. Suppose 0 = -5*k - 4*y + 870, -3*y = g + 2. Is k composite?
True
Is (342714/(-15))/(3 + (-136)/40) prime?
True
Suppose -w + 48053 = s, 4*s - 4*w - 87192 = 105028. Suppose 55*x - 61*x = -s. Is x prime?
True
Suppose 6*s - 6 = 3*s. Let w be ((-64)/(-28) - s)*7 + 7. Suppose 18858 = w*n - 3*n. Is n prime?
False
Let z(s) = -3047*s**2 + 7*s + 7. Let g be z(5). Let k be (1 + 1)/(-4) + g/(-38). Let c = -1096 + k. Is c prime?
True
Suppose 2*k - 11*t = -10*t - 1, -4*t = -4. Suppose -3*q = -15, k = 3*x - q - 2250 - 772. Is x a composite number?
False
Let s(g) = g**3 - 4*g**2 - 7*g + 28. Let r be s(5). Suppose -r*x + 5820 - 1338 = 0. Is x a composite number?
True
Let u = 335 - 54. Suppose 0 = -5*z + d + 1363 - u, 4*z - 4*d = 856. Is z a composite number?
True
Let g(u) = -u**2 + 2*u. Let n be g(2). Let i(v) = -19 - 189*v + 10 + n - 17. Is i(-5) prime?
True
Let d(p) be the first derivative of -p**3/3 + 21*p**2/2 - 10*p + 9. Let h be d(8). Is h*(-5)/(-4 + -6) a composite number?
False
Let q(n) = n**3 + 2*n**2 - 4*n + 3. Let d(v) = -3*v + 20. Let o be d(6). Let i be q(o). Let w = i + 174. Is w a composite number?
True
Let b(x) = x**2 + 2*x + 307. Let p = 15 + -13. Let l be 0/(p/(-2) - -4). Is b(l) a composite number?
False
Suppose b + 5*c = -7, 2*b = -b + c + 11. Suppose 0 = -b*l - r + 2767, -5*r + 2783 = 5*l - 2*l. Is l a composite number?
True
Is (-3 + 187980/(-9))*(24 - 27) prime?
False
Let o(i) = -27*i**3 + 5*i**2 - 22*i - 59. Is o(-7) a prime number?
True
Let t(d) = -6*d + 52. Let o be t(7). Suppose 8560 = c + 2*c - 4*h, 0 = 5*h - o. Suppose -5*i + c = -859. Is i a prime number?
True
Is (3226671/18)/(91/52*2) composite?
False
Let w(j) = -6*j**3 + 3*j**2 - 5*j - 9. Let d = 13 + 2. Let t be (-15)/3*12/d. Is w(t) composite?
False
Suppose -176*g = -16085819 - 22376165. Is g a composite number?
True
Suppose 4*w + 255 = 9*w + 2*q, 3*w + q = 152. Let t(i) = -21*i**3 + 4*i + 3. Let r be t(-2). Suppose 3*l = p - w, -3*p + 0*l = -l - r. Is p composite?
True
Let u(i) = -36*i + 33. Suppose 0 = -2*f + 4, -5*n - 19 = -3*f + 6*f. Let m(c) = -72*c + 68. Let h(z) = n*u(z) + 2*m(z). Is h(9) composite?
True
Suppose -1747382 = -12*w - 48*w - 122*w. Is w prime?
True
Suppose 0 = 3*a - 0*a - 19825 - 372332. Is a composite?
True
Suppose 2*z = -2*o + 13508, 0 = 5*z - z - 3*o - 26981. Suppose -15*p = 2*p - z. Is p composite?
False
Let t be (-2407)/(-7) + 12/(-14). Suppose 339*c + 5452 = t*c. Is c prime?
False
Let o(x) = 3894*x**3 - x**2 - x + 1. Suppose -107*u + 4 = -103*u. Is o(u) composite?
True
Suppose 5*i + 4*v = 25629, 2*i + v - 1636 = 8618. Let u = i + -2456. Let o = -260 + u. Is o composite?
True
Let x(b) be the third derivative of 2099*b**5/12 + b**4/6 - 2*b**3/3 - 172*b**2. Is x(1) a prime number?
False
Suppose -184 = 13*x - 9*x - 4*m, 2*m = -x - 52. Is 5383 + (x/(-30))/((-8)/(-20)) a composite number?
False
Let d(c) = 8*c**3 - 112*c**2 - 241*c + 160. Is d(57) prime?
True
Let x(t) = 0*t + 0*t**2 - 3*t**2 - 2520 - 3*t + 2523 + t**3. Suppose 4*a - 22 - 10 = 0. Is x(a) a prime number?
False
Let a(j) = 535*j - 1066. Let i be a(2). Let t = 618 - -856. Suppose 737 = v - m, -2*v - 8*m + i*m = -t. Is v prime?
False
Suppose -4*q = 5*p, -5*q = 4*p + 105 - 114. Suppose 4*h + 40743 = 5*d, 0 = -2*d + q*d + h - 24439. Is d composite?
False
Let g(l) = -3*l**2 - 2022 + 612*l**3 - 9*l - 33*l**3 + 2056 + 328*l**3. Is g(3) a composite number?
False
Suppose -25891 = 5*n + 3*m, 6688 + 8846 = -3*n - 2*m. Let b = n - -27931. Is b composite?
False
Suppose -p = -3*p - x - 14, 3*x + 22 = -2*p. Let o be 6/(-150)*p - 1/5. Suppose -2*j + 368 = 2*j + 4*b, 3*j - b - 256 = o. Is j a composite number?
True
Suppose -2*a - 130087 = -5*d, -2*a = 25*d - 29*d + 104070. Is d composite?
False
Suppose 0 = 5*t + 19*t - 144. Suppose 0 = -t*q - 4451 + 16289. Is q composite?
False
Suppose 2937 = 13*s - 5058. Let y = s - 206. Is y a composite number?
False
Let i = 8725 - 37588. Is i/(-27)*(-2)/(-2) a composite number?
False
Let o(v) = 7*v**2 + 6*v**2 + 21*v - 9*v**2 + 35. Is o(-18) prime?
True
Suppose 4*i - 2*k = 12, 9 - 3 = 3*i - 3*k. Is (-191538)/(-24) + i/16 a composite number?
True
Let j(q) = 72837*q - 5403. Is j(40) a composite number?
True
Let s(v) = -130*v - 69. Let p(g) = g**3 - 15*g**2 + 15*g - 25. Let a be p(14). Is s(a) composite?
False
Suppose 0 = -3*w + 3*p + 216414, 116*w = 117*w + 4*p - 72113. Is w a prime number?
False
Let d = 57 + -60. Let w(v) = -35*v**3 + v**2 - 4*v - 1. Let g be w(d). Suppose -4*m + 650 = 2*n, 3*n + 2*m - g = 6*m. Is n prime?
False
Let b(g) = -22035*g - 2161. Is b(-6) prime?
False
Let i(d) = -2*d + 33. Let c be i(13). Suppose 78401 = c*r - 54410. Is r a composite number?
False
Let w = -188 + 192. Suppose w*d = -18*d + 101002. Is d prime?
True
Let n(l) be the first derivative of l**4/4 + 5*l**3/3 - 12*l**2 - 11*l - 46. Is n(9) a prime number?
True
Suppose 174*t + 258 = 176*t. Suppose -133*h = -t*h - 1308. Is h prime?
False
Let r(k) = -9*k - 6. Let y be r(-14). Suppose 2*n - 7*n = y. Is (11 + n)*(-7)/1 a prime number?
False
Suppose 19*r - 16467483 - 5652353 = -3051075. Is r a composite number?
False
Let p = 98 + 6. Suppose p*j - 108*j + 2284 = 0. Is j prime?
True
Suppose 4*b - 4*w - 133752 = 0, 46*w - 42*w = 20. Is b composite?
True
Let a be 1*(-12)/6*-2. Suppose 0 = 5*c - k - 130496, -5*c - a*k = -10*c + 130499. Is c a prime number?
True
Let u(x) = 8551*x - 175. Is u(14) prime?
False
Let w(t) = -3*t**2 - 266*t - 106. Let k(r) = r**2 + 89*r + 35. Let z(g) = 17*k(g) + 6*w(g). Is z(-35) prime?
False
Suppose 0 = -2*h - 1107 + 51. Let k be (-4)/(-14) - (h/(-28))/3. Is 5340/45*k/(-4) prime?
False
Suppose 5*y - 2*y - b = 903421, 0 = 3*y - 3*b - 903411. Is y prime?
False
Suppose 346 = s + 3*u, -157 = -2*s + 3*u + 508. Suppose b - s = -4*w, 22*b = 4*w + 24*b - 342. Is w prime?
True
Let q(k) = k + 8. Let w be q(-5). Suppose 0 = -0*j + 2*j + v - 8493, -8497 = -2*j + w*v. Is (j/62)/((-2)/(-68)) a composite number?
True
Let s = 96 + -91. Is 3/s - (46332/(-30) - -2) a prime number?
True
Suppose 0 = -3*x + 7*x + 3*b + 17166, -12880 = 3*x + 5*b. Let o = 10477 + x. Is o a prime number?
False
Is 4/14 - ((-12)/32 - 10051539/952) composite?
False
Suppose -35*t + 35 = -30*t. Suppose -26583 = 4*a - t*a. Is a composite?
False
Let m = 83302 + -32596. Let y = m - 17879. Is y a composite number?
True
Let o(i) be the first derivative of -i**3/3 + 10*i**2 + 44*i + 14. Let t be o(22). Suppose -7*h + 15*h - 10768 = t. Is h prime?
False
Let i(u) = 3*u + 44. Let p be i(-15). Let o be (-64)/((3 - p) + -3). Let l = o - -122. Is l prime?
False
Suppose 6*j - n + 27702 = 9*j, -5*j - 4*n = -46177. Is j prime?
False
Let r(n) = n**2 - 6*n - 86. Let j be r(25). Let b = 2116 - j. Is b prime?
False
Suppose 